{"id":23951,"date":"2024-04-15T12:06:39","date_gmt":"2024-04-15T10:06:39","guid":{"rendered":"https:\/\/dller.fancybox.pl\/?post_type=product&#038;p=23951"},"modified":"2025-05-20T13:29:07","modified_gmt":"2025-05-20T11:29:07","slug":"sofa-clyde","status":"publish","type":"product","link":"https:\/\/dller.pl\/en\/produkt\/sofa-clyde\/","title":{"rendered":"Sofa CLYDE"},"content":{"rendered":"<div class=\"wpb-content-wrapper\"><p>[vc_row][vc_column][vc_column_text]CLYDE emanuje ciep\u0142ym urokiem i przytulno\u015bci\u0105. Ob\u0142e, pe\u0142ne harmoni kszta\u0142ty i przestronne mi\u0119kkie siedzisko tworz\u0105 nieodpart\u0105 przestrze\u0144 dla relaksu. Minimalistyczn\u0105 bry\u0142\u0119\u00a0 podkre\u015blaj\u0105 pionowe przeszycia, kt\u00f3re nadaj\u0105 sofie orginalnego charakteru. <em>Sprawd\u017a szczeg\u00f3\u0142y w karcie katalogowej.<\/em><\/p>\n<p>Marka: Sits<\/p>\n<p>[\/vc_column_text][vc_btn title=&#8221;Karta katalogowa&#8221; style=&#8221;outline-custom&#8221; outline_custom_color=&#8221;#dd5656&#8243; outline_custom_hover_background=&#8221;#dd8989&#8243; outline_custom_hover_text=&#8221;#ffffff&#8221; i_icon_fontawesome=&#8221;far fa-file&#8221; css_animation=&#8221;fadeInUp&#8221; add_icon=&#8221;true&#8221; link=&#8221;url:https%3A%2F%2Fdller.fancybox.pl%2Fwp-content%2Fuploads%2F2024%2F04%2FCLYDE-2.pdf|target:_blank&#8221;][\/vc_column][\/vc_row]<\/p>\n<\/div>","protected":false},"excerpt":{"rendered":"<p>[vc_row][vc_column][vc_column_text]CLYDE emanuje ciep\u0142ym urokiem i przytulno\u015bci\u0105. Ob\u0142e, pe\u0142ne harmoni kszta\u0142ty i przestronne mi\u0119kkie siedzisko tworz\u0105 nieodpart\u0105 przestrze\u0144 dla relaksu. Minimalistyczn\u0105 bry\u0142\u0119\u00a0 podkre\u015blaj\u0105 pionowe przeszycia, kt\u00f3re nadaj\u0105 sofie orginalnego charakteru. Sprawd\u017a szczeg\u00f3\u0142y w karcie katalogowej. Marka: Sits [\/vc_column_text][vc_btn title=&#8221;Karta katalogowa&#8221; style=&#8221;outline-custom&#8221; outline_custom_color=&#8221;#dd5656&#8243; outline_custom_hover_background=&#8221;#dd8989&#8243; outline_custom_hover_text=&#8221;#ffffff&#8221; i_icon_fontawesome=&#8221;far fa-file&#8221; css_animation=&#8221;fadeInUp&#8221; add_icon=&#8221;true&#8221; link=&#8221;url:https%3A%2F%2Fdller.fancybox.pl%2Fwp-content%2Fuploads%2F2024%2F04%2FCLYDE-2.pdf|target:_blank&#8221;][\/vc_column][\/vc_row]<\/p>\n","protected":false},"featured_media":23952,"template":"","meta":[],"product_cat":[107],"product_tag":[],"class_list":{"0":"post-23951","1":"product","2":"type-product","3":"status-publish","4":"has-post-thumbnail","6":"product_cat-sofy","9":"outofstock","10":"taxable","11":"shipping-taxable","12":"purchasable","13":"product-type-simple"},"yoast_head":"<!-- This site is optimized with the Yoast SEO plugin v23.1 - https:\/\/yoast.com\/wordpress\/plugins\/seo\/ -->\n<title>Sofa CLYDE - Dller<\/title>\n<meta name=\"robots\" content=\"index, follow, max-snippet:-1, max-image-preview:large, max-video-preview:-1\" \/>\n<link rel=\"canonical\" href=\"https:\/\/dller.pl\/produkt\/sofa-clyde\/\" \/>\n<meta property=\"og:locale\" content=\"en_US\" \/>\n<meta property=\"og:type\" content=\"article\" \/>\n<meta property=\"og:title\" content=\"Sofa CLYDE - Dller\" \/>\n<meta property=\"og:description\" content=\"[vc_row][vc_column][vc_column_text]CLYDE emanuje ciep\u0142ym urokiem i przytulno\u015bci\u0105. Ob\u0142e, pe\u0142ne harmoni kszta\u0142ty i przestronne mi\u0119kkie siedzisko tworz\u0105 nieodpart\u0105 przestrze\u0144 dla relaksu. Minimalistyczn\u0105 bry\u0142\u0119\u00a0 podkre\u015blaj\u0105 pionowe przeszycia, kt\u00f3re nadaj\u0105 sofie orginalnego charakteru. Sprawd\u017a szczeg\u00f3\u0142y w karcie katalogowej. Marka: Sits [\/vc_column_text][vc_btn title=&#8221;Karta katalogowa&#8221; style=&#8221;outline-custom&#8221; outline_custom_color=&#8221;#dd5656&#8243; outline_custom_hover_background=&#8221;#dd8989&#8243; outline_custom_hover_text=&#8221;#ffffff&#8221; i_icon_fontawesome=&#8221;far fa-file&#8221; css_animation=&#8221;fadeInUp&#8221; add_icon=&#8221;true&#8221; link=&#8221;url:https%3A%2F%2Fdller.fancybox.pl%2Fwp-content%2Fuploads%2F2024%2F04%2FCLYDE-2.pdf|target:_blank&#8221;][\/vc_column][\/vc_row]\" \/>\n<meta property=\"og:url\" content=\"https:\/\/dller.pl\/produkt\/sofa-clyde\/\" \/>\n<meta property=\"og:site_name\" content=\"Dller\" \/>\n<meta property=\"article:modified_time\" content=\"2025-05-20T11:29:07+00:00\" \/>\n<meta property=\"og:image\" content=\"https:\/\/dller.pl\/wp-content\/uploads\/2024\/04\/CLYDE_1.jpg\" \/>\n\t<meta property=\"og:image:width\" content=\"1920\" \/>\n\t<meta property=\"og:image:height\" content=\"1080\" \/>\n\t<meta property=\"og:image:type\" content=\"image\/jpeg\" \/>\n<meta name=\"twitter:card\" content=\"summary_large_image\" \/>\n<meta name=\"twitter:label1\" content=\"Est. reading time\" \/>\n\t<meta name=\"twitter:data1\" content=\"1 minute\" \/>\n<script type=\"application\/ld+json\" class=\"yoast-schema-graph\">{\"@context\":\"https:\/\/schema.org\",\"@graph\":[{\"@type\":\"WebPage\",\"@id\":\"https:\/\/dller.pl\/produkt\/sofa-clyde\/\",\"url\":\"https:\/\/dller.pl\/produkt\/sofa-clyde\/\",\"name\":\"Sofa CLYDE - Dller\",\"isPartOf\":{\"@id\":\"https:\/\/dller.pl\/#website\"},\"primaryImageOfPage\":{\"@id\":\"https:\/\/dller.pl\/produkt\/sofa-clyde\/#primaryimage\"},\"image\":{\"@id\":\"https:\/\/dller.pl\/produkt\/sofa-clyde\/#primaryimage\"},\"thumbnailUrl\":\"https:\/\/dller.pl\/wp-content\/uploads\/2024\/04\/CLYDE_1.jpg\",\"datePublished\":\"2024-04-15T10:06:39+00:00\",\"dateModified\":\"2025-05-20T11:29:07+00:00\",\"breadcrumb\":{\"@id\":\"https:\/\/dller.pl\/produkt\/sofa-clyde\/#breadcrumb\"},\"inLanguage\":\"en-US\",\"potentialAction\":[{\"@type\":\"ReadAction\",\"target\":[\"https:\/\/dller.pl\/produkt\/sofa-clyde\/\"]}]},{\"@type\":\"ImageObject\",\"inLanguage\":\"en-US\",\"@id\":\"https:\/\/dller.pl\/produkt\/sofa-clyde\/#primaryimage\",\"url\":\"https:\/\/dller.pl\/wp-content\/uploads\/2024\/04\/CLYDE_1.jpg\",\"contentUrl\":\"https:\/\/dller.pl\/wp-content\/uploads\/2024\/04\/CLYDE_1.jpg\",\"width\":1920,\"height\":1080},{\"@type\":\"BreadcrumbList\",\"@id\":\"https:\/\/dller.pl\/produkt\/sofa-clyde\/#breadcrumb\",\"itemListElement\":[{\"@type\":\"ListItem\",\"position\":1,\"name\":\"Strona g\u0142\u00f3wna\",\"item\":\"https:\/\/dller.pl\/en\/\"},{\"@type\":\"ListItem\",\"position\":2,\"name\":\"Shop\",\"item\":\"https:\/\/dller.pl\/sklep\/\"},{\"@type\":\"ListItem\",\"position\":3,\"name\":\"Sofa CLYDE\"}]},{\"@type\":\"WebSite\",\"@id\":\"https:\/\/dller.pl\/#website\",\"url\":\"https:\/\/dller.pl\/\",\"name\":\"Dller\",\"description\":\"Meble d\u0119bowe designerskie Warszawa sklep internetowy: do salonu, sypialni, jadalni\",\"potentialAction\":[{\"@type\":\"SearchAction\",\"target\":{\"@type\":\"EntryPoint\",\"urlTemplate\":\"https:\/\/dller.pl\/?s={search_term_string}\"},\"query-input\":\"required name=search_term_string\"}],\"inLanguage\":\"en-US\"}]}<\/script>\n<!-- \/ Yoast SEO plugin. -->","yoast_head_json":{"title":"Sofa CLYDE - Dller","robots":{"index":"index","follow":"follow","max-snippet":"max-snippet:-1","max-image-preview":"max-image-preview:large","max-video-preview":"max-video-preview:-1"},"canonical":"https:\/\/dller.pl\/produkt\/sofa-clyde\/","og_locale":"en_US","og_type":"article","og_title":"Sofa CLYDE - Dller","og_description":"[vc_row][vc_column][vc_column_text]CLYDE emanuje ciep\u0142ym urokiem i przytulno\u015bci\u0105. Ob\u0142e, pe\u0142ne harmoni kszta\u0142ty i przestronne mi\u0119kkie siedzisko tworz\u0105 nieodpart\u0105 przestrze\u0144 dla relaksu. Minimalistyczn\u0105 bry\u0142\u0119\u00a0 podkre\u015blaj\u0105 pionowe przeszycia, kt\u00f3re nadaj\u0105 sofie orginalnego charakteru. Sprawd\u017a szczeg\u00f3\u0142y w karcie katalogowej. Marka: Sits [\/vc_column_text][vc_btn title=&#8221;Karta katalogowa&#8221; style=&#8221;outline-custom&#8221; outline_custom_color=&#8221;#dd5656&#8243; outline_custom_hover_background=&#8221;#dd8989&#8243; outline_custom_hover_text=&#8221;#ffffff&#8221; i_icon_fontawesome=&#8221;far fa-file&#8221; css_animation=&#8221;fadeInUp&#8221; add_icon=&#8221;true&#8221; link=&#8221;url:https%3A%2F%2Fdller.fancybox.pl%2Fwp-content%2Fuploads%2F2024%2F04%2FCLYDE-2.pdf|target:_blank&#8221;][\/vc_column][\/vc_row]","og_url":"https:\/\/dller.pl\/produkt\/sofa-clyde\/","og_site_name":"Dller","article_modified_time":"2025-05-20T11:29:07+00:00","og_image":[{"width":1920,"height":1080,"url":"https:\/\/dller.pl\/wp-content\/uploads\/2024\/04\/CLYDE_1.jpg","type":"image\/jpeg"}],"twitter_card":"summary_large_image","twitter_misc":{"Est. reading time":"1 minute"},"schema":{"@context":"https:\/\/schema.org","@graph":[{"@type":"WebPage","@id":"https:\/\/dller.pl\/produkt\/sofa-clyde\/","url":"https:\/\/dller.pl\/produkt\/sofa-clyde\/","name":"Sofa CLYDE - Dller","isPartOf":{"@id":"https:\/\/dller.pl\/#website"},"primaryImageOfPage":{"@id":"https:\/\/dller.pl\/produkt\/sofa-clyde\/#primaryimage"},"image":{"@id":"https:\/\/dller.pl\/produkt\/sofa-clyde\/#primaryimage"},"thumbnailUrl":"https:\/\/dller.pl\/wp-content\/uploads\/2024\/04\/CLYDE_1.jpg","datePublished":"2024-04-15T10:06:39+00:00","dateModified":"2025-05-20T11:29:07+00:00","breadcrumb":{"@id":"https:\/\/dller.pl\/produkt\/sofa-clyde\/#breadcrumb"},"inLanguage":"en-US","potentialAction":[{"@type":"ReadAction","target":["https:\/\/dller.pl\/produkt\/sofa-clyde\/"]}]},{"@type":"ImageObject","inLanguage":"en-US","@id":"https:\/\/dller.pl\/produkt\/sofa-clyde\/#primaryimage","url":"https:\/\/dller.pl\/wp-content\/uploads\/2024\/04\/CLYDE_1.jpg","contentUrl":"https:\/\/dller.pl\/wp-content\/uploads\/2024\/04\/CLYDE_1.jpg","width":1920,"height":1080},{"@type":"BreadcrumbList","@id":"https:\/\/dller.pl\/produkt\/sofa-clyde\/#breadcrumb","itemListElement":[{"@type":"ListItem","position":1,"name":"Strona g\u0142\u00f3wna","item":"https:\/\/dller.pl\/en\/"},{"@type":"ListItem","position":2,"name":"Shop","item":"https:\/\/dller.pl\/sklep\/"},{"@type":"ListItem","position":3,"name":"Sofa CLYDE"}]},{"@type":"WebSite","@id":"https:\/\/dller.pl\/#website","url":"https:\/\/dller.pl\/","name":"Dller","description":"Meble d\u0119bowe designerskie Warszawa sklep internetowy: do salonu, sypialni, jadalni","potentialAction":[{"@type":"SearchAction","target":{"@type":"EntryPoint","urlTemplate":"https:\/\/dller.pl\/?s={search_term_string}"},"query-input":"required name=search_term_string"}],"inLanguage":"en-US"}]}},"_links":{"self":[{"href":"https:\/\/dller.pl\/en\/wp-json\/wp\/v2\/product\/23951"}],"collection":[{"href":"https:\/\/dller.pl\/en\/wp-json\/wp\/v2\/product"}],"about":[{"href":"https:\/\/dller.pl\/en\/wp-json\/wp\/v2\/types\/product"}],"wp:featuredmedia":[{"embeddable":true,"href":"https:\/\/dller.pl\/en\/wp-json\/wp\/v2\/media\/23952"}],"wp:attachment":[{"href":"https:\/\/dller.pl\/en\/wp-json\/wp\/v2\/media?parent=23951"}],"wp:term":[{"taxonomy":"product_cat","embeddable":true,"href":"https:\/\/dller.pl\/en\/wp-json\/wp\/v2\/product_cat?post=23951"},{"taxonomy":"product_tag","embeddable":true,"href":"https:\/\/dller.pl\/en\/wp-json\/wp\/v2\/product_tag?post=23951"}],"curies":[{"name":"wp","href":"https:\/\/api.w.org\/{rel}","templated":true}]}}

<div class="wpb-content-wrapper"><p>[vc_row][vc_column][vc_column_text]CLYDE emanuje ciepłym urokiem i przytulnością. Obłe, pełne harmoni kształty i przestronne miękkie siedzisko tworzą nieodpartą przestrzeń dla relaksu. Minimalistyczną bryłę  podkreślają pionowe przeszycia, które nadają sofie orginalnego charakteru. <em>Sprawdź szczegóły w karcie katalogowej.</em></p>
<p>Marka: Sits</p>
<p>[/vc_column_text][vc_btn title=&#8221;Karta katalogowa&#8221; style=&#8221;outline-custom&#8221; outline_custom_color=&#8221;#dd5656&#8243; outline_custom_hover_background=&#8221;#dd8989&#8243; outline_custom_hover_text=&#8221;#ffffff&#8221; i_icon_fontawesome=&#8221;far fa-file&#8221; css_animation=&#8221;fadeInUp&#8221; add_icon=&#8221;true&#8221; link=&#8221;url:https%3A%2F%2Fdller.fancybox.pl%2Fwp-content%2Fuploads%2F2024%2F04%2FCLYDE-2.pdf|target:_blank&#8221;][/vc_column][/vc_row]</p>
</div>

<p>[vc_row][vc_column][vc_column_text]CLYDE emanuje ciepłym urokiem i przytulnością. Obłe, pełne harmoni kształty i przestronne miękkie siedzisko tworzą nieodpartą przestrzeń dla relaksu. Minimalistyczną bryłę  podkreślają pionowe przeszycia, które nadają sofie orginalnego charakteru. Sprawdź szczegóły w karcie katalogowej. Marka: Sits [/vc_column_text][vc_btn title=&#8221;Karta katalogowa&#8221; style=&#8221;outline-custom&#8221; outline_custom_color=&#8221;#dd5656&#8243; outline_custom_hover_background=&#8221;#dd8989&#8243; outline_custom_hover_text=&#8221;#ffffff&#8221; i_icon_fontawesome=&#8221;far fa-file&#8221; css_animation=&#8221;fadeInUp&#8221; add_icon=&#8221;true&#8221; link=&#8221;url:https%3A%2F%2Fdller.fancybox.pl%2Fwp-content%2Fuploads%2F2024%2F04%2FCLYDE-2.pdf|target:_blank&#8221;][/vc_column][/vc_row]</p>

<!-- This site is optimized with the Yoast SEO plugin v23.1 - https://yoast.com/wordpress/plugins/seo/ -->
<title>Sofa CLYDE - Dller</title>
<meta name="robots" content="index, follow, max-snippet:-1, max-image-preview:large, max-video-preview:-1" />
<link rel="canonical" href="https://dller.pl/produkt/sofa-clyde/" />
<meta property="og:locale" content="en_US" />
<meta property="og:type" content="article" />
<meta property="og:title" content="Sofa CLYDE - Dller" />
<meta property="og:description" content="[vc_row][vc_column][vc_column_text]CLYDE emanuje ciepłym urokiem i przytulnością. Obłe, pełne harmoni kształty i przestronne miękkie siedzisko tworzą nieodpartą przestrzeń dla relaksu. Minimalistyczną bryłę  podkreślają pionowe przeszycia, które nadają sofie orginalnego charakteru. Sprawdź szczegóły w karcie katalogowej. Marka: Sits [/vc_column_text][vc_btn title=&#8221;Karta katalogowa&#8221; style=&#8221;outline-custom&#8221; outline_custom_color=&#8221;#dd5656&#8243; outline_custom_hover_background=&#8221;#dd8989&#8243; outline_custom_hover_text=&#8221;#ffffff&#8221; i_icon_fontawesome=&#8221;far fa-file&#8221; css_animation=&#8221;fadeInUp&#8221; add_icon=&#8221;true&#8221; link=&#8221;url:https%3A%2F%2Fdller.fancybox.pl%2Fwp-content%2Fuploads%2F2024%2F04%2FCLYDE-2.pdf|target:_blank&#8221;][/vc_column][/vc_row]" />
<meta property="og:url" content="https://dller.pl/produkt/sofa-clyde/" />
<meta property="og:site_name" content="Dller" />
<meta property="article:modified_time" content="2025-05-20T11:29:07+00:00" />
<meta property="og:image" content="https://dller.pl/wp-content/uploads/2024/04/CLYDE_1.jpg" />
	<meta property="og:image:width" content="1920" />
	<meta property="og:image:height" content="1080" />
	<meta property="og:image:type" content="image/jpeg" />
<meta name="twitter:card" content="summary_large_image" />
<meta name="twitter:label1" content="Est. reading time" />
	<meta name="twitter:data1" content="1 minute" />
<script type="application/ld+json" class="yoast-schema-graph">{"@context":"https://schema.org","@graph":[{"@type":"WebPage","@id":"https://dller.pl/produkt/sofa-clyde/","url":"https://dller.pl/produkt/sofa-clyde/","name":"Sofa CLYDE - Dller","isPartOf":{"@id":"https://dller.pl/#website"},"primaryImageOfPage":{"@id":"https://dller.pl/produkt/sofa-clyde/#primaryimage"},"image":{"@id":"https://dller.pl/produkt/sofa-clyde/#primaryimage"},"thumbnailUrl":"https://dller.pl/wp-content/uploads/2024/04/CLYDE_1.jpg","datePublished":"2024-04-15T10:06:39+00:00","dateModified":"2025-05-20T11:29:07+00:00","breadcrumb":{"@id":"https://dller.pl/produkt/sofa-clyde/#breadcrumb"},"inLanguage":"en-US","potentialAction":[{"@type":"ReadAction","target":["https://dller.pl/produkt/sofa-clyde/"]}]},{"@type":"ImageObject","inLanguage":"en-US","@id":"https://dller.pl/produkt/sofa-clyde/#primaryimage","url":"https://dller.pl/wp-content/uploads/2024/04/CLYDE_1.jpg","contentUrl":"https://dller.pl/wp-content/uploads/2024/04/CLYDE_1.jpg","width":1920,"height":1080},{"@type":"BreadcrumbList","@id":"https://dller.pl/produkt/sofa-clyde/#breadcrumb","itemListElement":[{"@type":"ListItem","position":1,"name":"Strona główna","item":"https://dller.pl/en/"},{"@type":"ListItem","position":2,"name":"Shop","item":"https://dller.pl/sklep/"},{"@type":"ListItem","position":3,"name":"Sofa CLYDE"}]},{"@type":"WebSite","@id":"https://dller.pl/#website","url":"https://dller.pl/","name":"Dller","description":"Meble dębowe designerskie Warszawa sklep internetowy: do salonu, sypialni, jadalni","potentialAction":[{"@type":"SearchAction","target":{"@type":"EntryPoint","urlTemplate":"https://dller.pl/?s={search_term_string}"},"query-input":"required name=search_term_string"}],"inLanguage":"en-US"}]}</script>
<!-- / Yoast SEO plugin. -->

[vc_row][vc_column][vc_column_text]CLYDE emanuje ciepłym urokiem i przytulnością. Obłe, pełne harmoni kształty i przestronne miękkie siedzisko tworzą nieodpartą przestrzeń dla relaksu. Minimalistyczną bryłę  podkreślają pionowe przeszycia, które nadają sofie orginalnego charakteru. Sprawdź szczegóły w karcie katalogowej. Marka: Sits [/vc_column_text][vc_btn title=&#8221;Karta katalogowa&#8221; style=&#8221;outline-custom&#8221; outline_custom_color=&#8221;#dd5656&#8243; outline_custom_hover_background=&#8221;#dd8989&#8243; outline_custom_hover_text=&#8221;#ffffff&#8221; i_icon_fontawesome=&#8221;far fa-file&#8221; css_animation=&#8221;fadeInUp&#8221; add_icon=&#8221;true&#8221; link=&#8221;url:https%3A%2F%2Fdller.fancybox.pl%2Fwp-content%2Fuploads%2F2024%2F04%2FCLYDE-2.pdf|target:_blank&#8221;][/vc_column][/vc_row]

Strona główna

Meble dębowe designerskie Warszawa sklep internetowy: do salonu, sypialni, jadalni
